f 297 and r.
11
Let k = -912 + 997. What is the greatest common factor of 1955 and k?
85
Let f(g) = -5*g - 77. Let w be f(-20). Calculate the highest common divisor of w and 437.
23
Suppose 7*i - 2*i + 3*o - 35 = 0, 6 = 4*i - 2*o. Suppose 2*j + 183 = t, t - 75 = -i*j + 96. Let g = t - 109. Calculate the greatest common factor of g and 10.
10
Let n(u) = 8*u + 135. Let r be n(0). What is the greatest common factor of r and 5?
5
Let s(k) = -2*k - 12. Let g be s(-8). Suppose -16 = 4*a + 4, g*p = -5*a + 7. Calculate the highest common divisor of 48 and p.
8
Suppose -4*q + 36 = 5*g, -4*g + 16 + 4 = q. Suppose -v + 3*z = -42, 0 = 2*v - q*v + z + 89. Calculate the greatest common divisor of v and 9.
9
Suppose 2*g = 6*g - 20, 3*y + 4*g = 119. Calculate the highest common divisor of y and 3.
3
Let l(v) = -3*v - 13. Let y be l(-7). What is the greatest common divisor of 92 and y?
4
Suppose 2*d + 0*d - 8 = 0, 2*k - 4*d - 50 = 0. Let y be ((-1)/(-2))/((-8)/(-4224)). What is the highest common divisor of k and y?
33
Suppose -10*y + 19*y = 0. Suppose y = -2*s - 87 + 303. What is the highest common divisor of 18 and s?
18
Suppose -5*c + 164 = -c. Suppose -3*z = c + 4. Let r = z + 28. What is the highest common divisor of 52 and r?
13
Let h(x) = -7*x + 1. Let q be h(-5). Let v = 325 - 280. What is the greatest common divisor of v and q?
9
Let i(t) = 7*t**2 + 10*t + 3. Let c be i(-3). What is the greatest common factor of c and 372?
12
Let j(a) = -4*a**2 - 37*a - 6. Let w be (8/(-16))/(1/16). Let z be j(w). What is the greatest common factor of 51 and z?
17
Suppose 4*i - 16 = -0*i. Let q(g) = -g**3 + 8*g**2 + g - 5. Let u be q(8). Suppose -4*m + 147 = u. What is the greatest common divisor of m and i?
4
Let x = -706 + 847. What is the greatest common divisor of x and 188?
47
Suppose 5*w = -10, 5*f + w = 6*w + 2050. What is the greatest common factor of 68 and f?
68
Let v(c) = c**2 - 8*c - 7. Let h be v(9). Let l = h + 23. Calculate the greatest common divisor of l and 175.
25
Let a(z) = z + 2. Let r be a(11). Suppose -r - 78 = -g. Let o = 30 + -17. What is the greatest common factor of g and o?
13
Let d(c) = -102*c + 5. Let b be d(-5). Suppose -4*l + b = -3*v, -150 = l - 2*l + 5*v. Suppose 200 = 7*h - 3*h. Calculate the greatest common factor of l and h.
25
Let t be (-3 - -9)*2553/46. What is the greatest common divisor of t and 37?
37
Suppose 4*q + 4*q - 120 = 0. Suppose -q*t - 210 = -20*t. Calculate the highest common divisor of 28 and t.
14
Let y be (-2)/(-6) - (142/(-6) - 4). Suppose 4*i = 42 + 14. Calculate the highest common factor of i and y.
14
Suppose 35*f + 4*z = 30*f + 150, -90 = -3*f + 4*z. What is the greatest common divisor of 40 and f?
10
Suppose 2*o - 11 - 27 = 0. Calculate the greatest common factor of o and 76.
19
Suppose 20*w - 22*w = 0. Suppose 0 = 3*z + 5*a - 74, w*z - 3*a + 102 = 5*z. What is the highest common factor of 54 and z?
18
Suppose 5*q + 4 = 14. Let t(y) = 5*y**q - 5*y - 2*y**2 + 5 - 9 - 10*y**3. Let f be t(-3). What is the greatest common factor of 28 and f?
28
Let n be ((-2)/((-28)/133))/(3/6). What is the greatest common divisor of 2 and n?
1
Suppose 5*c + 5*o - 9*o = 269, -4*c + 208 = 4*o. Let d = c - 40. Calculate the greatest common factor of d and 169.
13
Let o = 1215 + -1199. Calculate the highest common factor of o and 116.
4
Let g be (15/10)/(3/18). What is the highest common factor of 81 and g?
9
Let r = -38 + 79. What is the greatest common factor of 451 and r?
41
Let o = -74 - -77. Let g be 35/o + 3/9. What is the highest common factor of g and 72?
12
Let f(c) = c**2 - 27*c - 80. Let y be f(30). What is the highest common factor of 470 and y?
10
Suppose 36 = 3*j - b, 0*j - 3*j + 24 = -5*b. Suppose 48*k = -53*k + 14443. What is the highest common divisor of j and k?
13
Let s be ((-1)/2)/((-4)/88). Let p be ((-66)/(-55))/((-3)/(-20)). Let d = s + p. What is the greatest common divisor of 171 and d?
19
Suppose 3*i + 552 = -5*a, 0 = 2*i - 5*i + 5*a - 522. Let f = i - -267. Calculate the greatest common divisor of f and 8.
8
Let v be 6 + (-1 - -1 - 2). Suppose v*p - p - 162 = 0. Let w = 16 + p. Calculate the greatest common factor of 10 and w.
10
Let i be 36/(-90)*(-5)/(-2) + 346. Calculate the highest common divisor of 45 and i.
15
Suppose -2*b + 9 = -5*i + 61, 0 = 4*b + 4. Suppose 0 = i*n - 6*n - 264. Calculate the highest common factor of 6 and n.
6
Let b(d) = d**3 - 3*d**2 + 4*d - 8. Let l be b(3). Suppose 0 = 3*c + 3*q - 510, -3*q + q = -l*c + 710. Calculate the highest common divisor of c and 70.
35
Suppose 2*y - 3*y = 72. Let l = y + 76. What is the greatest common factor of 2 and l?
2
Let p = -74 + 105. Let u = 51 - p. Suppose 5*h - u = -4*m, 3*h = 2*m - 7*m - 1. What is the greatest common factor of 24 and h?
8
Suppose 0 = -314*o + 311*o + 30. Let d = -14 - -22. Suppose p + d = 88. What is the greatest common factor of o and p?
10
Let u be (240/(-60))/((-2)/8). Calculate the greatest common factor of u and 304.
16
Let i(y) = y**3 - 5*y + 5. Let z be i(1). What is the greatest common factor of z and 5?
1
Suppose 9 = -2*q - 5*t + 105, -144 = -3*q - t. Calculate the greatest common divisor of q and 192.
48
Let k = -15 - -30. Let i(l) = l**3 + 7*l**2 - l - 1. Let h be i(-7). Suppose 0 = -h*n - 10*n + 720. Calculate the highest common factor of n and k.
15
Suppose 30 = -2*b + 94. Let n be (-2)/(-8) + 280/b. Calculate the highest common divisor of 1 and n.
1
Let k be (-1)/((-4)/10 + 255/700). Let h be (7 + 1)/(2/7). Calculate the highest common divisor of k and h.
28
Let m be (1/3)/(8*4/6048). Let t(d) = -7 - 8*d + 12 - 4. Let r be t(-1). Calculate the greatest common factor of m and r.
9
Let a = 46 + 10. Let m(t) = t**2 + 2*t - 4. Let r be m(5). Suppose -2*z = -5*i - 6*z + 28, -2*i + r = -5*z. Calculate the highest common divisor of a and i.
8
Let s = 155 - 85. Let d(h) = -40*h. Let r be d(-1). Let p = r - 12. Calculate the highest common divisor of s and p.
14
Let s(k) = -3*k + 0*k - 13 + 37 + 6*k. Let u be s(7). What is the greatest common divisor of 5 and u?
5
Suppose -18*p + 914 = 50. What is the greatest common factor of p and 30?
6
Suppose -5*j = 102 + 83. Let x = -28 - j. Let f(u) = -33*u - 3. Let s be f(-2). What is the greatest common factor of s and x?
9
Let u be (-4)/14 - (-10)/35. Suppose 3*q + 15 = u, i - 2 = -2*q + 75. Calculate the highest common divisor of 29 and i.
29
Let n be ((-20)/(-12) + -3)*-3. Suppose n*i - 3*p = 97, -3*p - 53 = -i - i. Calculate the highest common divisor of 33 and i.
11
Suppose 0*k = -3*k + 99. Let x be (0/(4 - 9))/2. Suppose -t - 3*b + 2 + 1 = x, -6 = -2*t + b. What is the highest common factor of t and k?
3
Let f = -1852 + 2003. What is the highest common factor of f and 604?
151
Suppose 0 = 3*z - 4*p - 77, 2*z - 4*p = -3*z + 115. Suppose 17*x = z*x - 12. Calculate the greatest common divisor of 2 and x.
2
Let p be ((-600)/(-70) - 10)*28/(-10). Let a be -56*(1/2)/(-1). Calculate the highest common divisor of a and p.
4
Let k(s) = 2*s**2 + 13*s + 17. Let o be k(-7). Let w(l) = 3*l**2 - 12*l + 1. Let p be w(5). What is the highest common factor of o and p?
8
Let q(g) = 4*g**2 + 3. Let x be q(3). Let d(t) = t**2 + 10*t + 37. Let a be d(-6). Calculate the greatest common factor of a and x.
13
Let o(u) = -2*u + 41. Let k be o(17). Suppose 0 = -2*w + 3*v + 18, -5*w - 2*v = -0 - k. What is the highest common divisor of w and 21?
3
Suppose 2*j - 6*j = -64. Let r(k) = 61*k. Let l(u) = -5184*u. Let f(b) = -3*l(b) - 256*r(b). Let p be f(-2). Calculate the highest common factor of j and p.
16
Let j(z) = -10*z - 65. Let q be j(-9). Calculate the highest common factor of 5 and q.
5
Let m = 44 + -24. Let y be 2/(-4) - 42/(-4). What is the greatest common divisor of m and y?
10
Suppose 0 = 4*c, 0*w - 2*w + 5*c = -132. Let n = w - 30. Suppose 14*k - 72 = 10*k. What is the greatest common factor of k and n?
18
Suppose 83 = q + 13. Let p(c) = c**3 - 40*c**2 - c + 50. Let f be p(40). What is the greatest common divisor of f and q?
10
Suppose -2835 = -13*y + 6*y. Let c be (-4)/6 + 274/6. Calculate the greatest common divisor of y and c.
45
Suppose -9*f + 3722 = 68. What is the greatest common factor of 7 and f?
7
Let p(y) = y**3 - 5*y**2 - y + 2. Let l be p(5). Let c(h) = 14*h**2 + 3*h + 3.